 be (-3015)/(-12) + 1 - 1/4. What is the hundreds digit of (36/21)/(3/f)?
1
Let r = 232 + -428. Let v(k) = k - 28. Let m be v(0). Let x = m - r. What is the tens digit of x?
6
Suppose -3*c - 7*r = -86369, -3*c + 3*r - 28789 = -4*c. What is the thousands digit of c?
8
Suppose 3*g + 3*m - 6 = 0, -2*g + 5*m - m = -22. Suppose 3*y - 3*u = 1038, -4*u + 321 = -4*y + g*y. What is the hundreds digit of y?
3
Let a(k) = 35*k + 7. Let d(w) = w - 5. Let b be d(12). Let f be a(b). Suppose 10*v = 6*v + f. What is the tens digit of v?
6
Let z = -207 + 309. Suppose 0 = -2*r - 3*f - f + 60, 0 = 5*r - 2*f - z. Suppose 19*u + 9 = r*u. What is the units digit of u?
3
Let y be 412470/(-30) - (0/1)/(-2). What is the tens digit of y/(-21) - (-24)/84?
5
Suppose 159*c - 8913 = 158*c - 4*p, -17846 = -2*c - 4*p. What is the units digit of c?
3
Let y be 9808/22 + 2/11. Let u = -130 + y. What is the tens digit of u?
1
What is the units digit of (5492/(-16))/((-1)/44)?
3
Let g(u) = u**2 + 65*u + 76. Let i be g(-25). Let r = -373 - i. What is the hundreds digit of r?
5
What is the hundreds digit of (-424)/954 + ((-458)/(-12))/((-6)/(-1444))?
1
Suppose -4*h + 3*v + 92320 = 0, 0*v = 2*h + 2*v - 46174. What is the hundreds digit of h?
0
Let h(a) = -41*a + 238. Suppose -12 - 77 = 5*s - 2*u, s + 5*u = -7. What is the hundreds digit of h(s)?
9
Suppose 4*v - 2*m - 2726 = 0, 5*v - 5005 + 1605 = -5*m. Suppose v = a + 2*i, -3*a - 2*i + 2059 = -0*i. What is the hundreds digit of a?
6
Let u(q) = -3*q**2 + 81*q + 11. What is the units digit of u(15)?
1
Suppose 40*r - 254596 - 340803 = -9*r. What is the hundreds digit of r?
1
Let b(j) = 462*j**2 - 501*j + 6. What is the thousands digit of b(-3)?
5
Let g(j) = 2*j**3 + 32*j**2 + 31*j + 38. Let r be g(-15). Let t = 17 + -1. Suppose -t = 21*n - r*n. What is the units digit of n?
8
Let o(u) = -650*u**3 - 7*u**2 - 17*u - 7. What is the hundreds digit of o(-2)?
1
Let m be (-1790)/(-16) - (-6)/48. Let d = m - -462. What is the units digit of d?
4
Suppose -17*w = 9 + 93. Let c be (-7)/(-7)*w/(-2)*1. Suppose c*j = 8*j - 1205. What is the hundreds digit of j?
2
Let u(i) = -847*i - 1230. What is the thousands digit of u(-47)?
8
Let h(o) = -o**2 + 28*o - 22. Let a be h(27). Suppose -381 = -t - 3*r, -4*t + 71 + 1470 = -a*r. What is the hundreds digit of t?
3
Let o(x) = -x**3 + 17*x**2 - 2. Suppose -5*v - 3*a = -46, 5*v = 6*a - 3*a + 34. What is the units digit of o(v)?
4
Suppose -3*p + 16*b = 15*b - 16, -32 = -3*p + 5*b. What is the units digit of (-14)/p*(2 + 600/(-28))?
8
Let w = 1831 - -12812. What is the hundreds digit of w?
6
Suppose 26712 = 4*a - 42264. What is the units digit of a/27*3/4?
9
Let j = -3994 - -6452. What is the tens digit of j?
5
Let q be -2 - -8 - (2 - 7). Let n(y) = -14 + q + 1 - 169*y - 20*y. What is the hundreds digit of n(-1)?
1
Let b(m) = 43*m - 92. Suppose -8*q = -q - 91. What is the units digit of b(q)?
7
Suppose 10*u - 8618214 = -357*u - 2368571. What is the hundreds digit of u?
0
Let q = 71 + -58. Suppose 20*i - q*i - 161 = 0. Suppose 24*a - 6 = i*a. What is the units digit of a?
6
What is the thousands digit of 84135/(-158)*(3*-2 + 0)?
3
Let s = -120 + 130. Let m(h) be the second derivative of -h**5/20 + 11*h**4/12 + h**3 + 21*h**2/2 - 2*h. What is the units digit of m(s)?
1
Let z(h) = 0 + 6 - 16 + 7 - 114*h. What is the hundreds digit of z(-2)?
2
What is the thousands digit of 223408/28 + 11/77?
7
Let y(w) = -w**3 + 25*w**2 + 50*w - 36. What is the units digit of y(-16)?
0
Suppose -34 = -a + 4*k, 5*a - 5*k - 35 - 75 = 0. Let w = 28 + 30. Let o = w + a. What is the units digit of o?
6
Let m be (3 + -1)*209/(-22). What is the tens digit of (m - -96) + 3/((-3)/(-5))?
8
Let v(y) = y + 21. Let i be v(5). Suppose 9*z + 3808 = i*z. What is the units digit of z?
4
Let g(t) = 34*t**3 + 6*t**2 - 5*t + 5. Let u be g(5). Suppose -5*d + 5*y = -u, 0 = -5*d - 0*y + 3*y + 4378. What is the tens digit of d?
7
Let s be 7*6/147 - 254/7. Let p be 4754*2/18 - (-8)/s. Suppose -23*r + 20*r + p = 0. What is the hundreds digit of r?
1
Suppose 20*j + 8*j = 40208. Suppose -4*g + 2320 + j = 0. What is the tens digit of g?
3
Let k(l) = -l**3 - 19*l**2 - 24*l - 20. Let s be k(-18). Let d = s + 26. Let o = 192 - d. What is the tens digit of o?
7
What is the tens digit of 2163645/275 - (-4 - -3)*2/10?
6
Let q = -89 + 69. Let f be 3 + (0 + 4)*(-10)/q. Suppose f*y = -195 + 635. What is the tens digit of y?
8
Let z be (-36)/15*(35/(-3))/7. Suppose z*q - 4*x - 3224 = 0, -4003 = -5*q - 12*x + 8*x. What is the units digit of q?
3
Let b(y) be the second derivative of 17*y**3/6 - 8*y**2 - y - 2. Let u be 9/1*3/9. What is the units digit of b(u)?
5
Let s(u) = -932*u - 10. What is the tens digit of s(-1)?
2
Let p(h) be the second derivative of h**5/20 + 19*h**4/12 - 4*h**3 - 35*h**2/2 + 114*h. What is the units digit of p(-9)?
1
Let n = -35 - -40. Suppose n*p + 5*u - 6020 = 0, -5*p + 5*u = u - 6056. Suppose 2*b + 6*b - p = 0. What is the tens digit of b?
5
What is the thousands digit of ((-13)/3)/(13 - (-481470)/(-37035))?
0
Suppose 79*m - 462431 = -84*m. What is the hundreds digit of m?
8
Let j = -347 + 353. Suppose -j*m - 706 = -4402. What is the tens digit of m?
1
Let p be ((-744)/(-18))/((-8)/(-24)). Let x be ((-118)/4)/(1/2). Let d = p + x. What is the tens digit of d?
6
Let k(m) = -m**3 + 13*m**2 - 3*m + 23. Suppose 0 = 15*q - 21*q + 60. What is the units digit of k(q)?
3
Let j be (1 - -2 - (-66)/(-11)) + -2. Let f be j/(-20)*(15 + 1). Suppose 3*w - 27 = -f*z + 158, -2*z - 276 = -4*w. What is the units digit of w?
7
What is the thousands digit of ((-4)/(-6))/((-14)/(-42)) + 10194?
0
Suppose g + 922 = 4*t + 6*g, 243 = t - 5*g. Let b = -228 + t. What is the units digit of b?
5
Let l(d) = -d**3 - 7*d**2 + 34*d + 7. Let k be l(-10). Let y = 384 + k. What is the units digit of y?
1
Let k be 208/(-1144) + ((-43476)/(-22) - 0). Let t = k - 414. What is the thousands digit of t?
1
Suppose -22*l + 22 = -11*l. Let c(j) = 87*j**2 + 2*j - 5. What is the hundreds digit of c(l)?
3
Let o(h) = 951*h**3 + 4*h**2 - 5*h - 1. Let k be o(1). Suppose k = 12*n - 479. What is the units digit of n?
9
Let c = 22890 + 56008. What is the units digit of c?
8
Suppose -60*i + 35298 = -57*i. What is the ten thousands digit of i?
1
Let z(b) = -241*b + 199. What is the tens digit of z(-5)?
0
Suppose -8*t - 2661 = -7157. What is the hundreds digit of t?
5
What is the hundreds digit of (3 + 17199/6)*(-128)/(-96)?
8
Suppose -581*v + 575*v = -6. What is the tens digit of (-1)/((-12)/(-16)*v/(-471))?
2
Let z = -27 + 22. Let y(c) = c**2 + 6*c + 11. Let l be y(z). Suppose l = -3*i + 120. What is the tens digit of i?
3
Suppose -6*d + 5 = -7. Let x be -1*(-2 + -86*d). Let r = x - 73. What is the hundreds digit of r?
1
Suppose -42*j = -38*j - 16. Suppose 3*w + f = 7*w - 924, -940 = -j*w - 3*f. What is the hundreds digit of w?
2
Let c = -17857 - -37048. What is the tens digit of c?
9
Let u = -57 - -61. Suppose -5*l - 3*d = -1, -2*l + 7*l - u*d = 22. Suppose -k + 4*o = -78, 3*k + 2*o - 250 = -l*o. What is the tens digit of k?
8
What is the hundreds digit of (-2)/30 - 21493779/(-2385)?
0
Let b = -323 + 200. Let a = 263 + b. What is the units digit of a?
0
Let t(g) = 156*g**2 + 1897*g - 22. What is the thousands digit of t(-24)?
4
Let p be (50/(-4))/((-16)/14304). Suppose -60511 = -73*f + p. What is the hundreds digit of f?
9
Let p be ((-4)/12*106)/(2/(-6)). Let j be (0 + -4)*(-6 - (p - -3)). Suppose -6*c = -c - 4*k - j, c = 5*k + 92. What is the tens digit of c?
9
Suppose 5*o + 9 - 4 = 0. Let y be ((-9)/36)/(o/4) - -3. Suppose y + 175 = h. What is the tens digit of h?
7
Let x be 3 + -6 + 3 + 0. Suppose -i = 5*y + 85, 3*i + x*i + 266 = -4*y. Let t = i - -192. What is the tens digit of t?
0
Let o = -219 + -244. Let h = o - -650. Let s = h + -63. What is the tens digit of s?
2
Suppose -i + 4 = -3*i, 4*b = 5*i + 294. Let k = b - 71. Suppose 8*d + 1 - 49 = k. What is the units digit of d?
6
Let t(n) = 61*n + 77. Let r(h) = 124*h + 152. Let a(j) = -6*r(j) + 11*t(j). What is the units digit of a(-25)?
0
Let q = 6578 - 1328. What is the hundreds digit of q?
2
Suppose 0 = 20*q + 3060 + 360. What is the tens digit of ((-75)/9)/(3/q)?
7
Suppose -2*x - 162*d + 158*d + 14884 = 0, 4*d = 4*x - 29732. What is t